/4*2 is divided by w.
9
Let g be -2 + 4 - (2 - 3). Suppose 0 = g*o - 5*o + 194. Suppose -5*u + p + 99 = 3*p, 0 = 5*u + p - o. What is the remainder when u is divided by 5?
4
Calculate the remainder when ((-10)/(-3))/(7/21) is divided by 4.
2
Let l = 8 - 12. What is the remainder when 74 is divided by l/32 - 153/(-8)?
17
Suppose 5842 = 33*m - 10*m. What is the remainder when m is divided by 51?
50
What is the remainder when 161 is divided by (-300)/(-18) - 5/3?
11
Let b(o) = -16*o - 2. Let l = 990 + -977. What is the remainder when b(-4) is divided by l?
10
Let n be (-5)/(-3) - 2/(-12)*-4. Suppose 0 = -i - 4*t + 44, -4*t + n - 45 = -i. Calculate the remainder when i is divided by 23.
21
Calculate the remainder when (-264 - -97)/((-2)/(-2 - -4)) is divided by 41.
3
Let v(j) be the third derivative of -j**4/12 + 2*j**3/3 + 3*j**2. Let h be v(-2). What is the remainder when 129 is divided by 66*2/h*2?
30
Let b = 4 + 38. Let d = -29 + b. Calculate the remainder when 49 is divided by d.
10
Calculate the remainder when 337 is divided by (-87 - -1)/(-12 - 180/(-18)).
36
Suppose 0 = q - 5*k + 2, -q + 2*k - k = -10. What is the remainder when 54 is divided by q?
2
Let h(f) = -11*f - 80. What is the remainder when h(-12) is divided by (-2)/(-1)*(-14)/(-2)?
10
Suppose -300*q - 748 = -334*q. Let p = -52 + 74. What is the remainder when -1 - p*(-2 + 0) is divided by q?
21
Let m(f) = f**2 - 3. Let p(n) = n - 2. Let x be p(7). Let t be m(x). Suppose 0 = -5*s + 3*s + t. What is the remainder when s is divided by 3?
2
Suppose 0 = -7*c - 113 + 582. What is the remainder when c is divided by 27?
13
Let v = 16 - -12. What is the remainder when v is divided by 4?
0
Let v be -24 + (-2)/2 - -4. Let p = v - -41. Suppose -3*a + 114 = -0*a. What is the remainder when a is divided by p?
18
Let g = 1604 - 1563. Let j = -6 + 17. Calculate the remainder when g is divided by j.
8
Let j(x) = -4*x**3 - 2*x**2 - 12*x - 6 + x**3 - 9*x**2 + 2*x**3. Calculate the remainder when (-1)/2 + (-498)/(-12) is divided by j(-10).
13
Let s = 233 - 218. What is the remainder when s is divided by 12?
3
Let f(d) = 27*d**2 - 2*d + 1. Let q(z) = z**3 + 5*z**2 - z - 4. Let u be q(-5). What is the remainder when f(u) is divided by 10?
6
Suppose 5*p + 450 = 5*v, 195 = 4*v + p - 165. Calculate the remainder when v is divided by -1*(3 + 28)*(0 + -1).
28
Suppose -y = -2*y - 58. Suppose 0 = -5*u - 3*l + 77, u + 2*u - 4*l = 52. Calculate the remainder when 2*-1*y/4 is divided by u.
13
Let i = 37 + -30. Suppose i*m - 910 = -3*m. Calculate the remainder when m is divided by 23.
22
Let a(z) = 6*z + 9. Let m = 39 - 33. Let s be a(m). Suppose 7*x - s = 60. What is the remainder when x is divided by 4?
3
Calculate the remainder when (232/(-6))/((-2)/6) is divided by 30.
26
Let t be 9/(-12) - (-159)/4. What is the remainder when (-8)/(-12)*t - -4 is divided by 8?
6
Suppose 0 = 2*w - 0*w - 26. Suppose -9*u = -w*u. Suppose u*t - 82 = -2*t. What is the remainder when t is divided by 22?
19
Let q(v) = -44*v - 1. Suppose 0 = -6*u + u + 2*p + 6200, 2*p = 0. Calculate the remainder when q(-2) is divided by 7/(392/u) + (-1)/7.
21
Suppose 4789 - 671 = 29*j. What is the remainder when j is divided by 42?
16
Suppose 2*o = -0*o + 8. Suppose -o*z + 8 = -16. What is the remainder when 2/(-6) + (-104)/(-6) is divided by z?
5
Suppose 4*x = -5*k + 186, 3*k = 7*x - 12*x + 109. Calculate the remainder when 135 is divided by k.
21
Let a = 85 - 83. Suppose 2*s + 3*s - 249 = -a*l, 0 = -2*s - 4*l + 90. Calculate the remainder when s is divided by 14.
9
Let i(l) = l. Let k be (-1 - (-3)/2)*0. Let h be i(k). Suppose 6 = 2*d, -5*g + 43 = -h*g - 4*d. What is the remainder when 21 is divided by g?
10
What is the remainder when ((-9)/(-12) + (-52)/48)*-198 is divided by 28?
10
Let y(b) = -40*b - 20. Suppose -5*k + 3*g = -0*g + 4, -6 = 2*k + g. What is the remainder when y(k) is divided by 7?
4
Let a = -22 + 62. Suppose 0 = p + 1, 4*z - 54 - a = 2*p. Calculate the remainder when 91 is divided by z.
22
Suppose -63*b + 37*b + 364 = 0. Suppose 0 = a + f - 23, 5*a - 2*f - 129 = -0*a. Calculate the remainder when a is divided by b.
11
Suppose -6*r = -5*u - r + 35, -u - 1 = 3*r. Let m = 85 + -94. Calculate the remainder when -4 + (-85)/(-4) - m/12 is divided by u.
3
Suppose 5*h = -5*i + 160, -5*i = 2*h + 2*h - 165. What is the remainder when 552 is divided by i?
34
Let z be (25/(-75))/((-2)/(-690)). What is the remainder when 35 is divided by ((-138)/z)/(4/70)?
14
Suppose 0*y + 2*y = 26. Let k be 1224/y - (-6)/(-39). Suppose -4*m + 3*x + k = 0, 0 = -4*m + 4*x - 60 + 156. Calculate the remainder when m is divided by 12.
10
Let h be (16/6)/(8/12). Let p be (h/(-10))/((-4)/100). Suppose 14*b - p*b - 148 = 0. Calculate the remainder when b is divided by 20.
17
Suppose 5*c - 506 = -w, c - 4*w - 100 = -3*w. Let l = 22 + c. What is the remainder when l is divided by 31?
30
Let v(z) = 24*z + 375. Let m(t) = -2*t**2 - 7*t - 5. Let s be m(-5). Let w = s - -28. What is the remainder when v(-15) is divided by w?
7
Suppose 3*g - 2*l - 13 = 15, -4*l = -4. Calculate the remainder when 38 is divided by g.
8
Let u(k) = 14*k - 56. Let o be u(11). Let q = o - 54. What is the remainder when q is divided by 15?
14
Let l = -295 - -303. What is the remainder when 26 is divided by l?
2
Let l(s) = 27*s + 3. Let u be l(1). Calculate the remainder when 53 is divided by 2/(4/u) - 1.
11
Let y = -4 - -6. Suppose 3*i = -y*i + 285. What is the remainder when i is divided by -1 + 21 + -3 + -2?
12
Suppose 3*o = 4*v - 405, -5*o = -2*v + 165 + 20. Let q = v + -97. What is the remainder when q is divided by 5?
3
Let z = 117 + -101. Let t(w) = 2*w**3 - 3*w**2. What is the remainder when t(3) is divided by z?
11
What is the remainder when 349 is divided by 2/((-2)/(-4) + 1225/(-2730))?
37
Let t(x) = x**2 - 3*x. What is the remainder when 104 is divided by t(-3)?
14
What is the remainder when -627*(2 - (-21)/(-9)) is divided by 42?
41
Let u = -77 - -126. Let d be (-426)/(-15) + (2 - 21/15). Suppose -d - 49 = -6*l. What is the remainder when u is divided by l?
10
Suppose 2*i - 3*i + 8 = -2*h, -i - 3*h - 2 = 0. Suppose 12 = l + 2*f, 0 = -l + i*l + 4*f - 42. Calculate the remainder when -1*((4 - 70) + -3) is divided by l.
15
Suppose -152 = 308*u - 309*u. Calculate the remainder when u is divided by 47.
11
Suppose m + 8 = 3*l, 10*m = 3*l + 8*m - 7. What is the remainder when 6 is divided by l?
0
Let z(s) = -4*s**2 + 4*s**3 - 3*s + 6*s**2 + 0 - 2 - 2*s**3. Let t be z(-2). Let j(o) = -7*o + 1. Calculate the remainder when j(t) is divided by 10.
9
Suppose -10*u - 2240 = -15*u. What is the remainder when u is divided by 140?
28
Suppose 2*n + 80 = 4*n. Suppose -4*q - n = -3*x, -4*q = 3*x - 52 - 4. Let m = -29 + 38. What is the remainder when x is divided by m?
7
Let a = -1456 - -1584. What is the remainder when a is divided by 51?
26
Let q(u) = 3*u + 98. What is the remainder when q(-8) is divided by 17?
6
Let u = 1396 - 1384. What is the remainder when 77 is divided by u?
5
Suppose 13*o + 384 = 16*o. What is the remainder when o is divided by 23?
13
Let y(k) = 2*k**3 + 15*k**2 - 3*k + 2. Calculate the remainder when y(-7) is divided by 16.
8
Suppose 2 + 7 = 3*g, 2*y = -2*g + 80. Let i = -22 + y. Calculate the remainder when 1148/28 - 3/(-1) is divided by i.
14
Let r(u) be the second derivative of u**4/3 - 7*u**3/6 + 2*u**2 + 8*u. Calculate the remainder when r(5) is divided by 12.
9
Let g = 43 + -16. Suppose -3*q - 2*i = -3, q - 3*i - 11 = -7*i. Let n = 15 + q. What is the remainder when g is divided by n?
13
Suppose -p - 180 = -13*p. Calculate the remainder when 552 is divided by p.
12
Let m(o) = 44*o - 35. What is the remainder when m(1) is divided by 1?
0
Calculate the remainder when 68 is divided by (-18)/(18/(-48)*(0 + 2)).
20
Let j(m) = 7*m**3 + 2*m**2 - 2*m + 1. Suppose -4*u = 2*y - 9*u + 13, 5*y = -4*u + 17. Calculate the remainder when 13 is divided by j(y).
5
Let q(c) = -2*c**2 + 3*c - 2. Let h be q(2). Let d(r) = -r**3 - r**2 + 3*r + 11. Calculate the remainder when 186 is divided by d(h).
45
Suppose -5*c - 83 = -4*f, 0 = 4*f + f + 5*c - 160. Let g be 1*-2*(-6 + 8). What is the remainder when f is divided by 8 + (-3 - -2)/(g/8)?
7
Let d = 206 + -124. Suppose -208 = -6*y + y - 